.
5
Let k = 83 - 73. Calculate the greatest common factor of 10 and k.
10
Suppose 3*b = -2*b + 5. Let f be -2 - (-1 + -17 + b). Suppose 3*d + 25 = 2*n, 0*n + 4*d = -n - f. What is the greatest common factor of n and 1?
1
Let p(h) = h**3 - 5*h**2 + h - 2. Let j be p(4). Let w be 345/7 - (-4)/j. Calculate the highest common factor of 7 and w.
7
Let f = 23 + -9. What is the highest common factor of 14 and f?
14
Let n = -15 - -55. Let z be 3*((-12)/4 - -5). Let v(b) = b + 2. Let h be v(z). What is the highest common divisor of h and n?
8
Let j(i) = i**3 - 5*i**2 - 5*i + 4. Let a be j(6). Suppose -a = -o - 4*o. Suppose 0 = o*f - 25 + 1. What is the greatest common factor of 12 and f?
12
Suppose 0 = 5*c - 3*c - 48. Suppose -10 = -4*o - 2*y - y, -2*o = y - 4. Let g be ((-2)/5)/(o/(-30)). Calculate the highest common factor of g and c.
12
Suppose 18 + 0 = y. Let m be 3604/28 + (-4)/(-14) + -3. Calculate the greatest common divisor of m and y.
18
Let s be 15/2*(-4 - 600/(-18)). What is the highest common divisor of s and 20?
20
Let a be (-2 + 12)*(-2)/4. Let u = a + 8. What is the highest common divisor of u and 2?
1
Let c = 73 - 24. Let a(h) = 7*h**2 - 1. Let m be a(1). Let d be 39/m + 2/4. What is the highest common factor of c and d?
7
Let b(j) = j**3 - 6*j**2 + 7*j - 5. Let f be b(5). What is the greatest common divisor of 1 and f?
1
Let m(r) = -r - 5. Let k be m(-9). Suppose k*q - 40 = 4. What is the highest common factor of 1 and q?
1
Suppose k - 4*k + 90 = 0. Let f(l) = 16*l**3 - 1. Let w be f(1). Calculate the highest common factor of k and w.
15
Let i = 48 - 33. Let x = 23 - 2. Let g be 6/x - 40/(-7). Calculate the greatest common factor of i and g.
3
Suppose 0 = -k - 4, 5*k = -4*r - 117 + 673. What is the greatest common factor of r and 16?
16
Suppose 0*u + 3*u + 339 = 0. Let a = -57 - u. What is the highest common divisor of a and 7?
7
Let s = 3 + -2. Suppose 0 = -5*q - 4*v + 71 + 44, 5*q - 2*v - 115 = 0. Suppose -q + s = -2*w. What is the greatest common divisor of w and 121?
11
Suppose 24 = 2*l - 8. What is the greatest common divisor of 24 and l?
8
Suppose z - l + 77 - 244 = 0, 4*l = 5*z - 833. What is the greatest common factor of z and 66?
33
Let p = -43 - -63. What is the greatest common divisor of p and 8?
4
Let t be 8/2 + 1001/11. What is the greatest common divisor of 19 and t?
19
Let q be -3 - -1 - 3/3. Let t be 1/(q*2/(-36)). Let o = 10 - t. Calculate the greatest common divisor of o and 4.
4
Suppose -44*v = -42*v - 18. What is the greatest common factor of v and 63?
9
Let r be (28/3 - 2)*-3. Let u be 24/(-12)*r/4. Calculate the greatest common divisor of u and 44.
11
Let x be 5*-87*1/(-3). Suppose 4*l = 47 + x. What is the greatest common divisor of 72 and l?
24
Let h be (6/4)/(9/(-54)). Let v be h/(-6)*10 - -2. Calculate the highest common factor of v and 187.
17
Let l(p) = -2*p + 2 + p + 1 - 8. Let u be l(-7). Suppose 2*i + u = w, -2*i = i - 6. What is the greatest common divisor of 1 and w?
1
Suppose 10 + 30 = 5*g. Suppose -2*z + 5 = -11. Calculate the highest common divisor of z and g.
8
Let h = 2 + -1. Let g(v) = -v**2 + 3*v + 29. Let u be g(7). Calculate the highest common factor of u and h.
1
Suppose 0 = 7*p - 2*p - 585. Calculate the highest common factor of 13 and p.
13
Suppose 10*h = -26 + 136. Suppose -2*j + 11 = -j. Calculate the greatest common divisor of h and j.
11
Let i(m) = m**2 + m - 4. Let v be i(-5). Calculate the greatest common factor of 24 and v.
8
Suppose 0 = -2*q + 7*q + 20, 2*v - 38 = -4*q. What is the highest common factor of v and 297?
27
Let o be -96*((-8)/(-2) + 78/(-18)). Calculate the highest common divisor of o and 8.
8
Suppose 125 + 3715 = 12*v. What is the highest common divisor of v and 40?
40
Suppose 0 = -r + 2*r - 7. Let f(d) = d**3 + 4*d**2 - 6*d + 5. Let n be f(-5). Let j be n/25 + (-103)/(-5). What is the greatest common divisor of j and r?
7
Suppose 5*q = -0*q + 220. Let w be (0 - -3)*q/12. Let f = 169 + -81. What is the highest common divisor of f and w?
11
Let t(z) = 2*z**3 + z**2 - 4*z + 3. Let d be t(2). Let p(x) = 2*x**2 - 2*x - 1. Let n be p(2). Calculate the greatest common factor of n and d.
3
Let k be 5*4 - (-5 + 49/7). Let m(p) = 5*p**3 - 2*p**2 + 4*p - 3. Let w be m(3). Calculate the greatest common factor of k and w.
18
Suppose -4*k + 1945 = 537. What is the highest common divisor of k and 32?
32
Suppose -45*v + 41*v + 84 = 0. What is the highest common factor of v and 7?
7
Let z(g) = -g**2 - 8*g + 6. Suppose 2 + 16 = -2*x. Let q be z(x). Let b = q + 17. What is the highest common factor of b and 70?
14
Suppose 14 - 1 = -3*s - 5*l, s + 1 = -l. Suppose s*k - 32 = 2*k. What is the greatest common divisor of k and 128?
16
Let f be 7 + (-6 - (-6 + 3)). What is the greatest common divisor of f and 2?
2
Suppose 11*x - 50 = 6*x. What is the highest common divisor of x and 20?
10
Suppose 7 + 7 = 2*d - 3*m, d + 3*m - 25 = 0. Let u = 13 + -18. Let k = d + u. What is the highest common factor of k and 24?
8
Suppose 0 = 2*q - 4*b - 134, 4*b + 205 = 3*q - b. Calculate the highest common divisor of q and 50.
25
Suppose 0 = 5*y - f - 38, -2*f + 0 = y - 1. What is the greatest common factor of 7 and y?
7
Suppose -5*z - 4*w = -w - 137, z - 9 = 4*w. Let f = -18 + z. What is the highest common divisor of f and 35?
7
Suppose 5*i - 265 = -q, q + 10 = -q. What is the greatest common factor of 135 and i?
27
Let i(t) = 2*t**2 + 11*t + 5. Let p be i(-8). What is the highest common divisor of 5 and p?
5
Suppose 0*n + 40 = 5*n. Suppose -244 = -5*z + 76. Calculate the greatest common factor of n and z.
8
Let x be 9 - 11 - (0 - -4). Let p = x + 12. Suppose -13 + 4 = -3*l. Calculate the greatest common factor of l and p.
3
Suppose -3*l = -0*l - 63. Suppose n = -0*n + l. What is the highest common factor of 21 and n?
21
Let j(p) = 4 + 0*p**2 + p**2 - 5 - 4*p. Let x be j(5). Suppose 99 = x*r + 35. What is the greatest common factor of 24 and r?
8
Let r = 22 + 18. Calculate the greatest common divisor of 5 and r.
5
Let j = -3 - -6. What is the highest common factor of j and 1?
1
Let c be -2 - (-1)/((-3)/(-18)). Let p be (2/5)/(c/20). Let h be 4*(p - -1)/3. What is the greatest common factor of h and 36?
4
Suppose u = 4*x + 20, u = -5*x - 3 - 22. Suppose 0*y - 2*y + 56 = u. What is the highest common divisor of y and 4?
4
Let v(f) = 3*f - 1. Let w be v(1). Let z = -4 + w. Let q be 54/21*(12 - z). Calculate the greatest common divisor of q and 12.
12
Let y(u) = -22*u + 6. Let p be y(-3). Suppose -45 = -3*q - 3*a, -2*q + a + 0 + 21 = 0. What is the highest common divisor of p and q?
12
Suppose -2*s + c = -2*c - 60, 20 = s - 4*c. What is the highest common factor of 12 and s?
12
Suppose 7*k = 95 + 38. Let n be (0 - 0 - -1) + 2. Suppose -41 = -n*v + 187. What is the greatest common divisor of k and v?
19
Let s(f) = f**2 - 8*f - 11. Let x = -24 + 16. Let g be s(x). Let v(b) = -2*b**3 + 3*b + 3. Let j be v(-2). Calculate the greatest common factor of g and j.
13
Suppose -2*o = -4*d - 186, -4*d - 356 = -4*o - 0*d. Suppose -146 = -t + o. Suppose 9*n = 13*n - 84. Calculate the highest common divisor of t and n.
21
Suppose 7 = 4*x - 17. Suppose -3*z + s + 61 = z, 19 = z - 4*s. Calculate the greatest common factor of x and z.
3
Suppose 5*o - 2*o = 222. Suppose 0 = r - 3*p - 2*p - 38, -5*r = 4*p - o. What is the greatest common factor of 9 and r?
9
Suppose -5*q + 78 = q. Calculate the greatest common factor of 26 and q.
13
Suppose 6*l - 3*l + 2*b = 118, 2*l + 4*b - 92 = 0. Calculate the greatest common divisor of 12 and l.
12
Let d(l) = 6 - l - 4 + 16. Let j be d(12). What is the greatest common factor of j and 15?
3
Let d(p) = 2*p**2 - 3*p + 2. Let f be d(2). Suppose -4*a - 1 = -17. Suppose -a*y + 80 = -0*y. What is the greatest common divisor of f and y?
4
Suppose -t = -3*b + 51, -4*t + 4*b = -9*t - 255. Let c = t + 84. Suppose 7 = 5*o - c. What is the greatest common factor of 72 and o?
8
Let j be -1 + 9/6 + (-140)/(-8). What is the greatest common factor of 27 and j?
9
Suppose 4*s - 7 + 3 = k, -4*k = 5*s - 47. Suppose 0 = -2*b + 133 + 43. Calculate the highest common factor of b and k.
8
Let v(n) be the second derivative of -1/20*n**5 + 0 + 2*n**2 - 1/3*n**3 - 5/6*n**4 - n. Let x be v(-10). Calculate the greatest